{"id":173,"date":"2019-05-02T21:26:46","date_gmt":"2019-05-02T19:26:46","guid":{"rendered":"podlove-2019-05-02t17:08:04+00:00-fbd0985e520a760"},"modified":"2019-12-29T20:41:35","modified_gmt":"2019-12-29T19:41:35","slug":"008-global-mobilization-zwischenfazit","status":"publish","type":"podcast","link":"https:\/\/podcast.gruppe-w.de\/?podcast=008-global-mobilization-zwischenfazit","title":{"rendered":"#08 &#8211; &#8222;Global Mobilization&#8220; (Zwischen)Fazit"},"content":{"rendered":"\n\t\t<div class=\"pwp4-wrapper intrinsic-ignore\" id=\"podlovewebplayer_7c9c7579a16631bae7ce3bd8d83f5ba498405d60\" data-episode=\"https:\/\/podcast.gruppe-w.de\/?podcast=008-global-mobilization-zwischenfazit&podlove_action=pwp4_config\"><audio controls=\"controls\" preload=\"none\">\n  <source src=\"https:\/\/podcast.gruppe-w.de\/?download_media_file=29&amp;ptm_source=webplayer&amp;ptm_context=website&amp;ptm_file=GrpW_Podcast_008.mp3\" type=\"audio\/mpeg\"\/>\n<\/audio><\/div>\n\t\n\t\t\n\n<p>Das erste Arma 3 Creator-DLC mit dem Titel &#8222;Global Mobilization &#8211; Cold War Germany&#8220; wurde am 29. April ver\u00f6ffentlicht. Im Vorfeld haben wir schon \u00fcber das neue DLC-Model hinter den sogenannten Creator-DLC&#8217;s besprochen und das Thema ist in der gesamten Arma 3 &#8211; Community, \u00fcber alle Gameplay-Grenzen hinaus sehr pr\u00e4gnant.<\/p>\n\n\n\n<p>In dieser Folge m\u00f6chte ich mich nach ca. acht bis zehn Stunden Spielzeit im Editor und der beiliegenden Singleplayer-Kampagne an einem (Zwischen)Fazit versuchen. Die Klammern sind bewusst gesetzt, denn viele meiner Kritikpunkte lassen sich mit Sicherheit noch rauspatchen, aber was ist mit dem Ersteindruck? Was ist mit dem Umfang? Wie speziell ist das Szenario wirklich? Wie wirken sich die Diskussionen im Vorfeld auf die Wahrnehmung des DLC aus?<\/p>\n\n\n\n<p>Gewiss ist jedoch, dass eine Bewertung durch die Art der dahinterstehenden, neuen DLC-Politik und dem speziellen Szenario, welches das DLC &#8222;Global Mobilization&#8220; behandelt, h\u00f6chst individuell geworden ist. Sammelt auch anhand anderer Quellen Informationen zum aktuellen DLC und bewertet f\u00fcr euch und gegebenenfalls auch eurer Gemeinschaft selbst, ob &#8222;Global Mobilization&#8220; f\u00fcr euch und euer Arma 3 &#8211; Erlebnis passt.<\/p>\n\n\n\n<p>Ich tue mich jedenfalls nicht leicht damit ein Fazit zu ziehen. Ihr seid aber herzlich eingeladen, in den Kommentaren mit mir zu diskutieren. Wichtig ist aber: Macht euch ein eigenes Bild!<\/p>\n\n\n\n<h2 id=\"mce_2\">Links zur Podcast-Folge<\/h2>\n\n\n\n<ul><li><a href=\"https:\/\/store.steampowered.com\/app\/1042220\/Arma_3_Creator_DLC_Global_Mobilization__Cold_War_Germany\/\">&#8222;Global Mobilization&#8220; im Steam-Shop<\/a><\/li><li><a href=\"https:\/\/store.bistudio.com\/products\/arma3-global-mobilization\">&#8222;Global Mobilization&#8220; im BI-Store<\/a><\/li><li><a href=\"https:\/\/www.youtube.com\/watch?v=4SqRekKDgLc&amp;feature=youtu.be\">Trailer zu &#8222;Global Mobilization&#8220; auf YouTube<\/a><\/li><li><a href=\"https:\/\/arma3.com\/news\/arma-3-creator-dlc\">Blogeintrag auf arma3.com mit allgemeinen Infos<\/a><\/li><\/ul>\n\n\n\n<h2 id=\"mce_0\">Interessante Links<\/h2>\n\n\n\n<ul><li><a href=\"http:\/\/www.gruppe-w.de\">Gruppe W<\/a><\/li><li><a href=\"https:\/\/www.youtube.com\/channel\/UCy_EnIO-ZGhz12n_ZbP0kGQ\">Gruppe W auf YouTube<\/a><\/li><li><a href=\"https:\/\/www.twitch.tv\/gruppe_w\">Gruppe W auf Twitch&nbsp;<\/a><\/li><\/ul>\n\n\n\n<p> Musik im Intro\/Outro: Leon Beilmann &#8211; Golf Whiskey   <\/p>\n","protected":false},"author":1,"featured_media":0,"comment_status":"closed","ping_status":"open","template":"","meta":[],"tags":[],"_links":{"self":[{"href":"https:\/\/podcast.gruppe-w.de\/index.php?rest_route=\/wp\/v2\/episodes\/173"}],"collection":[{"href":"https:\/\/podcast.gruppe-w.de\/index.php?rest_route=\/wp\/v2\/episodes"}],"about":[{"href":"https:\/\/podcast.gruppe-w.de\/index.php?rest_route=\/wp\/v2\/types\/podcast"}],"author":[{"embeddable":true,"href":"https:\/\/podcast.gruppe-w.de\/index.php?rest_route=\/wp\/v2\/users\/1"}],"replies":[{"embeddable":true,"href":"https:\/\/podcast.gruppe-w.de\/index.php?rest_route=%2Fwp%2Fv2%2Fcomments&post=173"}],"version-history":[{"count":5,"href":"https:\/\/podcast.gruppe-w.de\/index.php?rest_route=\/wp\/v2\/episodes\/173\/revisions"}],"predecessor-version":[{"id":224,"href":"https:\/\/podcast.gruppe-w.de\/index.php?rest_route=\/wp\/v2\/episodes\/173\/revisions\/224"}],"wp:attachment":[{"href":"https:\/\/podcast.gruppe-w.de\/index.php?rest_route=%2Fwp%2Fv2%2Fmedia&parent=173"}],"wp:term":[{"taxonomy":"post_tag","embeddable":true,"href":"https:\/\/podcast.gruppe-w.de\/index.php?rest_route=%2Fwp%2Fv2%2Ftags&post=173"}],"curies":[{"name":"wp","href":"https:\/\/api.w.org\/{rel}","templated":true}]}}

<div class="pwp4-wrapper intrinsic-ignore" id="podlovewebplayer_7c9c7579a16631bae7ce3bd8d83f5ba498405d60" data-episode="https://podcast.gruppe-w.de/?podcast=008-global-mobilization-zwischenfazit&podlove_action=pwp4_config"><audio controls="controls" preload="none">
  <source src="https://podcast.gruppe-w.de/?download_media_file=29&amp;ptm_source=webplayer&amp;ptm_context=website&amp;ptm_file=GrpW_Podcast_008.mp3" type="audio/mpeg"/>
</audio></div>
	
		

<p>Das erste Arma 3 Creator-DLC mit dem Titel &#8222;Global Mobilization &#8211; Cold War Germany&#8220; wurde am 29. April veröffentlicht. Im Vorfeld haben wir schon über das neue DLC-Model hinter den sogenannten Creator-DLC&#8217;s besprochen und das Thema ist in der gesamten Arma 3 &#8211; Community, über alle Gameplay-Grenzen hinaus sehr prägnant.</p>



<p>In dieser Folge möchte ich mich nach ca. acht bis zehn Stunden Spielzeit im Editor und der beiliegenden Singleplayer-Kampagne an einem (Zwischen)Fazit versuchen. Die Klammern sind bewusst gesetzt, denn viele meiner Kritikpunkte lassen sich mit Sicherheit noch rauspatchen, aber was ist mit dem Ersteindruck? Was ist mit dem Umfang? Wie speziell ist das Szenario wirklich? Wie wirken sich die Diskussionen im Vorfeld auf die Wahrnehmung des DLC aus?</p>



<p>Gewiss ist jedoch, dass eine Bewertung durch die Art der dahinterstehenden, neuen DLC-Politik und dem speziellen Szenario, welches das DLC &#8222;Global Mobilization&#8220; behandelt, höchst individuell geworden ist. Sammelt auch anhand anderer Quellen Informationen zum aktuellen DLC und bewertet für euch und gegebenenfalls auch eurer Gemeinschaft selbst, ob &#8222;Global Mobilization&#8220; für euch und euer Arma 3 &#8211; Erlebnis passt.</p>



<p>Ich tue mich jedenfalls nicht leicht damit ein Fazit zu ziehen. Ihr seid aber herzlich eingeladen, in den Kommentaren mit mir zu diskutieren. Wichtig ist aber: Macht euch ein eigenes Bild!</p>



<h2 id="mce_2">Links zur Podcast-Folge</h2>



<ul><li><a href="https://store.steampowered.com/app/1042220/Arma_3_Creator_DLC_Global_Mobilization__Cold_War_Germany/">&#8222;Global Mobilization&#8220; im Steam-Shop</a></li><li><a href="https://store.bistudio.com/products/arma3-global-mobilization">&#8222;Global Mobilization&#8220; im BI-Store</a></li><li><a href="https://www.youtube.com/watch?v=4SqRekKDgLc&amp;feature=youtu.be">Trailer zu &#8222;Global Mobilization&#8220; auf YouTube</a></li><li><a href="https://arma3.com/news/arma-3-creator-dlc">Blogeintrag auf arma3.com mit allgemeinen Infos</a></li></ul>



<h2 id="mce_0">Interessante Links</h2>



<ul><li><a href="http://www.gruppe-w.de">Gruppe W</a></li><li><a href="https://www.youtube.com/channel/UCy_EnIO-ZGhz12n_ZbP0kGQ">Gruppe W auf YouTube</a></li><li><a href="https://www.twitch.tv/gruppe_w">Gruppe W auf Twitch&nbsp;</a></li></ul>



<p> Musik im Intro/Outro: Leon Beilmann &#8211; Golf Whiskey   </p>
